*3 - 88*n**2 + 8*n - 5. What is c(-4)?
795
Let w(k) = 2*k**3 + 285*k**2 + 152*k + 1395. What is w(-142)?
-25
Let i(n) = n**3 - 17*n**2 - 226*n + 1376. Calculate i(5).
-54
Let p(k) = 204*k - 12845. Give p(59).
-809
Let m(n) = 2804*n - 64544. Calculate m(23).
-52
Let q(l) = 32186*l**2 - 160891*l - 190. Give q(5).
5
Let x(c) = 37*c**2 + 7164*c - 2648. Give x(-194).
68
Let j(u) = u**2 - 31095*u - 62191. Determine j(-2).
3
Let z(i) = -26349*i - 26373. Calculate z(-1).
-24
Let h(y) = 456*y - 39857. Give h(95).
3463
Let l(w) = -3*w**3 + 189*w**2 - 3041*w + 2348. Give l(33).
5
Let j(c) = -c**3 + 246*c**2 + 1509*c - 17. Determine j(-6).
1
Let f(k) = -1805*k - 556015. Give f(-308).
-75
Let d(t) = -52*t**3 - 2389*t**2 + 95*t - 44. Determine d(-46).
1934
Let o(h) = -4*h**2 + 9*h + 5. Give o(-11).
-578
Let m(a) = a**3 - 20*a**2 - 255*a - 381. What is m(-7)?
81
Let j(r) = -r**3 + 31*r**2 + 930*r + 1013. Give j(50).
13
Let v(j) = -j**3 - 23*j**2 - 84*j + 194. What is v(-6)?
86
Let i(a) = 2884*a + 1000743. Determine i(-347).
-5
Let z(f) = -10010*f - 100264. Determine z(-10).
-164
Let n(s) = s**3 + 36*s**2 - 70*s + 235. What is n(-38)?
7
Let r(q) = -225*q**2 - 7422*q + 142. Determine r(-33).
43
Let p(q) = 3*q**3 - 75*q**2 - 67*q - 253. Give p(26).
33
Let u(g) = g**2 + 1243*g + 30680. Determine u(-25).
230
Let l(m) = 5*m**3 - 266*m**2 + 72*m - 1008. Give l(53).
-1
Let o(s) = s**2 - 819*s + 8775. What is o(11)?
-113
Let o(n) = 94*n**2 + 970*n + 970. Determine o(-1).
94
Let x(w) = -w**3 - 47*w**2 + 1065*w + 51983. Determine x(-45).
8
Let w(t) = 17*t**3 - 163*t**2 - 41*t - 298. What is w(10)?
-8
Let o(t) = -t**3 - 278*t**2 + 301*t + 6430. Determine o(-279).
292
Let m(y) = 2*y**2 - 14*y - 21393. What is m(107)?
7
Let d(g) = -11*g**2 + 169*g + 21. Determine d(25).
-2629
Let w(o) = 175*o + 2391. Give w(-3).
1866
Let h(v) = v**2 + 472*v + 1260. Determine h(-473).
1733
Let g(l) = -23*l - 760. Give g(-37).
91
Let v(p) = -343*p + 4128. Calculate v(10).
698
Let i(b) = 55*b**2 - 24970*b + 4. What is i(454)?
4
Let p(g) = -1777*g + 3529. What is p(2)?
-25
Let h(v) = -3*v**3 - 128*v**2 + 173*v + 80. Determine h(-44).
212
Let k(v) = -144*v**3 - 1589*v**2 - 41*v + 163. What is k(-11)?
9
Let q(g) = -7962*g - 947529. Determine q(-119).
-51
Let i(p) = -4*p**2 - 189*p - 2127. Give i(-20).
53
Let c(o) = 57568*o + 863518. What is c(-15)?
-2
Let n(q) = q**3 - 19*q**2 + 36*q - 108. What is n(14)?
-584
Let h(o) = 273072*o + 1092280. Give h(-4).
-8
Let y(k) = -115*k + 1335. Determine y(15).
-390
Let k(n) = -4*n**2 - 1579*n - 9433. Give k(-6).
-103
Let z(p) = 5974*p - 83628. Determine z(14).
8
Let u(k) = -1210*k - 6226. Give u(-8).
3454
Let b(x) = -26647*x - 161501. Give b(-6).
-1619
Let d(z) = 12*z**2 + 135*z + 173. Give d(-8).
-139
Let w(m) = 2*m**3 + 26*m**2 + 13*m + 92. What is w(-9)?
623
Let y(q) = -1486*q**3 - 15*q**2 - 22*q - 10. Calculate y(-1).
1483
Let y(s) = -376002*s - 3008011. Give y(-8).
5
Let f(k) = 222*k + 221. What is f(-4)?
-667
Let z(t) = t**2 - 8773*t - 43879. Give z(-5).
11
Let n(r) = r**3 + 933*r**2 - 12311*r + 170. What is n(13)?
1
Let m(r) = -580*r - 224338. Calculate m(-386).
-458
Let d(w) = 2*w**3 - 54*w**2 + 49*w + 120. Give d(2).
18
Let t(f) = f**2 + 3931*f + 2514106. What is t(-804)?
-2
Let q(r) = -3*r**2 - 56*r + 4671. Determine q(-50).
-29
Let d(j) = -331*j - 399. What is d(0)?
-399
Let t(i) = -79*i**2 - 83*i + 29. Give t(2).
-453
Let u(h) = -111*h**2 - 41*h - 737. What is u(6)?
-4979
Let b(j) = j**2 - 1484*j + 86907. Calculate b(61).
104
Let s(j) = -34512*j + 8800529. Give s(255).
-31
Let h(w) = -39*w**2 - 494*w - 354. Give h(-12).
-42
Let l(q) = 8*q**2 - 466*q + 3901. Give l(48).
-35
Let q(h) = -17*h**3 + 42*h**2 - 77*h - 2. What is q(2)?
-124
Let h(z) = -8990*z - 26860. Determine h(-3).
110
Let t(o) = -o**3 - 92*o**2 + 1360*o - 450. Calculate t(-105).
75
Let m(b) = b**2 - 37*b + 702. Determine m(35).
632
Let u(a) = 2650*a - 26480. What is u(10)?
20
Let n(h) = 43027*h - 473261. What is n(11)?
36
Let a(m) = 4*m**2 + 86*m - 3558. Calculate a(-42).
-114
Let o(m) = -388*m + 2755. Determine o(4).
1203
Let k(l) = -l**3 + 167*l**2 - 6700*l - 110. Calculate k(67).
-110
Let x(o) = -65*o - 18914. Calculate x(-292).
66
Let q(g) = 9*g**3 - 117*g**2 - 73*g + 978. Give q(13).
29
Let c(j) = j**3 + 828*j**2 - 11794*j + 102. Calculate c(14).
18
Let r(p) = -4*p**2 - 1014*p - 3482. What is r(-250)?
18
Let r(h) = -3843*h**2 - 30719*h - 8. Calculate r(-8).
-208
Let z(j) = 89*j**2 + 22*j + 2. Give z(-3).
737
Let n(v) = -7*v**2 + 135*v - 205. Calculate n(22).
-623
Let d(i) = 3065706*i - 6131411. Give d(2).
1
Let h(f) = -2*f**3 - 251*f**2 - 6443*f + 13. What is h(-36)?
-23
Let a(s) = -472270*s + 2361358. Determine a(5).
8
Let c(q) = 659*q + 3748. Calculate c(-4).
1112
Let y(w) = 5507*w + 5038903. Determine y(-915).
-2
Let a(i) = -i**3 + 2*i**2 - 1313*i + 3876. Give a(3).
-72
Let a(z) = 3*z**2 + 707*z - 30259. Calculate a(37).
7
Let l(q) = -510885*q + 19413631. Give l(38).
1
Let n(x) = -15*x**2 - 4500*x - 22123. Give n(-5).
2
Let j(t) = -2*t**3 - 21*t**2 + 105*t + 761. What is j(-7)?
-317
Let i(r) = -r**3 - 63*r**2 + 1863*r - 610. Determine i(-85).
-15
Let k(q) = -2*q**3 - 151*q**2 + 271*q + 64. Determine k(-77).
-3016
Let h(o) = -o**2 - 18775*o - 1010978. Determine h(-54).
-44
Let m(v) = 12*v**3 - 14*v**2 - 54*v - 9. Calculate m(-4).
-785
Let g(p) = -104452*p - 104727. Determine g(-1).
-275
Let m(i) = i**2 - 11641*i + 878921. Determine m(76).
-19
Let g(j) = 12*j**3 + 4*j**2 - 568*j - 1708. Give g(-3).
-292
Let b(q) = 816*q**2 - 17968*q + 378. Determine b(22).
26
Let l(h) = 6*h**2 + 3486*h + 44311. Determine l(-568).
7
Let l(d) = 12*d**2 + 1857*d - 2730. Determine l(-156).
-390
Let s(v) = 11*v**3 - 1090*v**2 + 193*v - 9309. Calculate s(99).
-3
Let y(m) = 79*m - 11372. What is y(145)?
83
Let j(u) = 200*u**2 + 2188*u - 71. Determine j(-11).
61
Let q(b) = 113799*b + 1024240. What is q(-9)?
49
Let q(w) = 56819*w + 454534. Calculate q(-8).
-18
Let m(s) = -4*s**2 + 174*s + 258. Give m(45).
-12
Let m(x) = -46*x - 24430. Calculate m(-531).
-4
Let t(x) = -493*x**3 + 6*x**2 - 31*x + 27. Calculate t(1).
-491
Let a(c) = -3*c**2 - 140*c + 705. Give a(0).
705
Let u(q) = -1503*q - 4454. Determine u(-3).
55
Let i(n) = -6*n**3 + 206*n**2 - 256*n - 266. Determine i(33).
-2
Let g(o) = 2*o**3 + 146*o**2 + 1839*o + 48. Calculate g(-15).
-1437
Let w(y) = -15*y**2 + 1790*y - 10764. Determine w(6).
-564
Let s(c) = -2*c**3 - 33*c**2 - 190*c - 574. Give s(-10).
26
Let x(q) = -q**3 + 14*q**2 - 34*q + 704. Determine x(14).
228
Let k(n) = -11*n**3 + 98*n**2 - 215*n + 2035. Calculate k(9).
19
Let r(n) = -6*n**3 + 80*n**2 - 16*n - 15. Calculate r(13).
115
Let v(y) = -15*y**2 - 84*y + 312. What is v(-7)?
165
Let a(c) = 26*c**2 - 444*c - 349. Calculate a(15).
-1159
Let j(c) = -503*c + 93426. Give j(190).
-2144
Let q(k) = -13*k**2 - 205*k + 83. What is q(-18)?
-439
Let o(z) = 2*z**3 - z**2 + 28*z + 448. Give o(-7).
-483
Let g(f) = -f**3 + 21*f**2 - 51*f + 6. Calculate g(13).
695
Let g(v) = 47*v**2 + 393*v + 615. Determine g(-6).
-51
Let j(z) = -183*z + 9645. What is j(49)?
678
Let h(q) = 464*q**2 + 491*q + 3. What is h(-1)?
-24
Let o(m) = -2*m**2 - 122*m - 1807. Calculate o(-35).
13
Let i(y) = -4*y**3 - 258*y**2 + 564*y + 28220. Determine i(-65).
10
Let t(c) = 4*c**2 - 99*c - 2504. Determine t(-17).
335
Let h(k) = 796*k**2 + 4039*k + 288. Give h(-5).
-7
Let g(m) = -m**3 + 86*m**2 + 497*m - 12003. Calculate g(90).
327
Let l(t) = -5*t**3 - 34*t**2 - 23*t + 304. What is l(-10)?
2134
Let b(o) = -8*o**3 - 1053*o**2 + 394*o - 254. Calculate b(-132).
10
Let j(w) = -7659*w + 8276. Determine j(1).
617
Let y(w) = 2*w**3 - 409*w**2 + 16157*w - 11. What is y(151)?
-11
Let x(u) = 430*u**2 + 55084*u + 5616. Determine x(-128).
-16
Let s(x) = 68*x**2 - 857*x + 839. What is s(1)?
50
Let t(d) = 3*d**2 + 142*d - 752. Give t(-53).
149
Let u(i) = -i**3 + 116*i**2 + 32547*i - 3736327. Give u(114).
23
Let k(n) = -22*n**2 + 943*n - 6642. Give k(7).
-1119
Let x(n) = 2716*n - 850039. Calculate x(313).
69
Let m(k) = -14*k**2 - 2317*k + 3484. Determine m(-167).
-23
Let r(w) = -4*w**3 - 156*w**2 - 23*w - 96. Determine r(-39).
801
Let a(k) = k**2 + 797*k + 25033. Calculate a(-35).
-1637
Let n(z) = 4*z**3 - 185*z**2 - 1125*z + 35. Calculat